
2, 433
List the prime factors of 51078.
2, 3, 8513
What are the prime factors of 2184?
2, 3, 7, 13
What are the prime factors of 12612?
2, 3, 1051
List the prime factors of 695.
5, 139
What are the prime factors of 794?
2, 397
List the prime factors of 1388.
2, 347
What are the prime factors of 365?
5, 73
List the prime factors of 1190.
2, 5, 7, 17
What are the prime factors of 6854?
2, 23, 149
List the prime factors of 8912.
2, 557
List the prime factors of 386.
2, 193
List the prime factors of 19.
19
What are the prime factors of 3470?
2, 5, 347
What are the prime factors of 2122?
2, 1061
What are the prime factors of 1338?
2, 3, 223
What are the prime factors of 10480?
2, 5, 131
What are the prime factors of 942?
2, 3, 157
List the prime factors of 1853.
17, 109
What are the prime factors of 1892?
2, 11, 43
What are the prime factors of 2896?
2, 181
List the prime factors of 5342.
2, 2671
List the prime factors of 32664.
2, 3, 1361
What are the prime factors of 9977?
11, 907
List the prime factors of 44353.
17, 2609
List the prime factors of 22030.
2, 5, 2203
List the prime factors of 46162.
2, 23081
List the prime factors of 705.
3, 5, 47
List the prime factors of 1347.
3, 449
List the prime factors of 1128.
2, 3, 47
What are the prime factors of 2513?
7, 359
List the prime factors of 2759.
31, 89
List the prime factors of 115.
5, 23
List the prime factors of 19753.
19753
List the prime factors of 54338.
2, 101, 269
What are the prime factors of 428?
2, 107
What are the prime factors of 36480?
2, 3, 5, 19
List the prime factors of 990.
2, 3, 5, 11
What are the prime factors of 2036?
2, 509
What are the prime factors of 4124?
2, 1031
List the prime factors of 117323.
23, 5101
What are the prime factors of 99538?
2, 157, 317
List the prime factors of 9731.
37, 263
List the prime factors of 208.
2, 13
What are the prime factors of 3226?
2, 1613
What are the prime factors of 89007?
3, 29669
List the prime factors of 2588.
2, 647
List the prime factors of 11816.
2, 7, 211
What are the prime factors of 9073?
43, 211
List the prime factors of 77048.
2, 9631
List the prime factors of 136.
2, 17
What are the prime factors of 1475?
5, 59
What are the prime factors of 16931?
16931
What are the prime factors of 1131?
3, 13, 29
What are the prime factors of 28567?
7, 11, 53
What are the prime factors of 17524?
2, 13, 337
List the prime factors of 449.
449
List the prime factors of 3563.
7, 509
What are the prime factors of 9012?
2, 3, 751
What are the prime factors of 22600?
2, 5, 113
What are the prime factors of 50954?
2, 73, 349
List the prime factors of 91431.
3, 10159
List the prime factors of 21961.
21961
List the prime factors of 6551.
6551
What are the prime factors of 5155?
5, 1031
List the prime factors of 1171.
1171
What are the prime factors of 2010?
2, 3, 5, 67
What are the prime factors of 218?
2, 109
List the prime factors of 287.
7, 41
What are the prime factors of 65440?
2, 5, 409
List the prime factors of 110.
2, 5, 11
What are the prime factors of 2059?
29, 71
List the prime factors of 67824.
2, 3, 157
What are the prime factors of 2593?
2593
What are the prime factors of 37458?
2, 3, 2081
What are the prime factors of 19123?
13, 1471
List the prime factors of 80488.
2, 10061
What are the prime factors of 6953?
17, 409
What are the prime factors of 16093?
7, 11, 19
What are the prime factors of 5357?
11, 487
What are the prime factors of 35079?
3, 11, 1063
What are the prime factors of 28628?
2, 17, 421
What are the prime factors of 17101?
7, 349
What are the prime factors of 2884?
2, 7, 103
List the prime factors of 378.
2, 3, 7
List the prime factors of 8741.
8741
What are the prime factors of 2033?
19, 107
List the prime factors of 816.
2, 3, 17
What are the prime factors of 74838?
2, 3, 12473
List the prime factors of 836.
2, 11, 19
List the prime factors of 18089.
18089
List the prime factors of 140716.
2, 127, 277
List the prime factors of 12389.
13, 953
What are the prime factors of 36952?
2, 31, 149
List the prime factors of 1021.
1021
List the prime factors of 2386.
2, 1193
What are the prime factors of 3512?
2, 439
List the prime factors of 16719.
3, 5573
What are the prime factors of 18103?
43, 421
List the prime factors of 320.
2, 5
What are the prime factors of 114155?
5, 17, 79
List the prime factors of 844.
2, 211
What are the prime factors of 46781?
7, 41, 163
What are the prime factors of 39044?
2, 43, 227
What are the prime factors of 1491?
3, 7, 71
List the prime factors of 67192.
2, 37, 227
What are the prime factors of 332?
2, 83
List the prime factors of 629.
17, 37
List the prime factors of 14923.
14923
What are the prime factors of 96?
2, 3
List the prime factors of 10928.
2, 683
List the prime factors of 19344.
2, 3, 13, 31
List the prime factors of 2702.
2, 7, 193
What are the prime factors of 574?
2, 7, 41
What are the prime factors of 9195?
3, 5, 613
List the prime factors of 512.
2
What are the prime factors of 28774?
2, 14387
List the prime factors of 1404.
2, 3, 13
What are the prime factors of 2824?
2, 353
List the prime factors of 9544.
2, 1193
List the prime factors of 1329.
3, 443
What are the prime factors of 120?
2, 3, 5
List the prime factors of 756.
2, 3, 7
What are the prime factors of 30599?
37, 827
List the prime factors of 68453.
7, 11, 127
What are the prime factors of 137027?
11, 12457
List the prime factors of 882.
2, 3, 7
List the prime factors of 13059.
3, 1451
List the prime factors of 178585.
5, 11, 17, 191
List the prime factors of 4613.
7, 659
List the prime factors of 483.
3, 7, 23
List the prime factors of 1676.
2, 419
What are the prime factors of 12706?
2, 6353
What are the prime factors of 741?
3, 13, 19
What are the prime factors of 11382?
2, 3, 7, 271
List the prime factors of 29835.
3, 5, 13, 17
List the prime factors of 116848.
2, 67, 109
What are the prime factors of 5877?
3, 653
What are the prime factors of 857?
857
List the prime factors of 114.
2, 3, 19
List the prime factors of 4227.
3, 1409
List the prime factors of 8822.
2, 11, 401
List the prime factors of 2415.
3, 5, 7, 23
What are the prime factors of 13468?
2, 7, 13, 37
List the prime factors of 1839.
3, 613
What are the prime factors of 1190?
2, 5, 7, 17
What are the prime factors of 130?
2, 5, 13
What are the prime factors of 23519?
29, 811
What are the prime factors of 9310?
2, 5, 7, 19
List the prime factors of 1704.
2, 3, 71
What are the prime factors of 7188?
2, 3, 599
What are the prime factors of 9423?
3, 349
What are the prime factors of 6149?
11, 13, 43
List the prime factors of 5699.
41, 139
List the prime factors of 30620.
2, 5, 1531
List the prime factors of 9958.
2, 13, 383
What are the prime factors of 1806?
2, 3, 7, 43
What are the prime factors of 87157?
7, 12451
List the prime factors of 934.
2, 467
What are the prime factors of 14408?
2, 1801
What are the prime factors of 631?
631
List the prime factors of 8.
2
What are the prime factors of 179453?
179453
What are the prime factors of 261?
3, 29
List the prime factors of 19306.
2, 7, 197
List the prime factors of 809.
809
List the prime factors of 3742.
2, 1871
What are the prime factors of 33?
3, 11
What are the prime factors of 108?
2, 3
What are the prime factors of 69279?
3, 7, 3299
What are the prime factors of 238?
2, 7, 17
What are the prime factors of 21013?
21013
What are the prime factors of 3278?
2, 11, 149
List the prime factors of 3860.
2, 5, 193
List the prime factors of 1122.
2, 3, 11, 17
List the prime factors of 4969.
4969
List the prime factors of 43130.
2, 5, 19, 227
List the prime factors of 2494.
2, 29, 43
List the prime factors of 1810.
2, 5, 181
List the prime factors of 18607.
23, 809
List the prime factors of 6949.
6949
List the prime factors of 3037.
3037
What are the prime factors of 142596?
2, 3, 17, 233
List the prime factors of 24214.
2, 12107
What are the prime factors of 122172?
2, 3, 10181
What are the prime factors of 4628?
2, 13, 89
What are the prime factors of 3097?
19, 163
List the prime factors of 33505.
5, 6701
List the prime factors of 961.
31
List the prime factors of 96695.
5, 83, 233
List the prime factors of 17590.
2, 5, 1759
List the prime factors of 833.
7, 17
What are the prime factors of 1